ose 4*m - q = 24. What is the tens digit of m?
1
Let g(x) = x**2 - 5*x + 5. Let f be g(5). Suppose -r = -1 - f. What is the units digit of r?
6
Suppose -6*o + o + 4*n + 779 = 0, -o + 4*n = -159. Suppose o = 6*d - d. What is the tens digit of d?
3
Let g(r) = 1 + 2*r - 2*r - 2*r - 4. What is the units digit of g(-5)?
7
Let x(y) = 3*y**2 + y + 1. Let f be x(-8). Suppose 0 = -m - 7*s + 2*s + 75, 3*s = 4*m - f. What is the tens digit of m?
5
Let p(z) = 2*z**2 + 12*z - 14. What is the tens digit of p(-13)?
6
Let u(p) = -p**2 - 4*p + 10. Let f be u(-5). Suppose 0 = -f*i + 238 - 63. What is the units digit of i?
5
Let n = 62 - 26. What is the units digit of n?
6
Let g = -2 + -15. Let x = g + 24. What is the units digit of x?
7
Let x(c) = c**3 + 8*c**2 - 1. What is the units digit of x(-7)?
8
Let d(o) = -3*o + 4. Let n be d(6). What is the tens digit of 2 - 1/1 - n?
1
Suppose d - 2 = 1. Suppose 2 = -c - 5*l, 6*l + 61 = 4*c + d*l. What is the units digit of c?
3
Let a(c) = 5*c**3 - 11*c**2 + 6*c + 2. Let m(z) = -z**3 + z**2 - z - 1. Let o(q) = -a(q) - 6*m(q). What is the units digit of o(-5)?
4
Suppose -5*d = -5*v - 580, -4*d + 2*v = -621 + 151. What is the hundreds digit of d?
1
Let f(i) = -5*i + 2. Let v be f(2). Let h(b) be the second derivative of b**4/12 + b**3 - 3*b**2 - 3*b. What is the units digit of h(v)?
0
Suppose -6 = -5*f - 3*y - y, -4*f + 3*y = -11. What is the units digit of f?
2
Let p(c) = 20*c**2 + 7*c - 21. Let j(k) = -7*k**2 - 2*k + 7. Let s(a) = 17*j(a) + 6*p(a). Let g = -2 + -7. What is the units digit of s(g)?
2
Let k be ((-12)/7)/(2/(-7)). Suppose m = k*m. Suppose m = 3*d - 1 - 2. What is the units digit of d?
1
Let s be 2/(1 - 0)*1. Suppose -3*x - 4*p = -5, -13 = -s*x + 5*p + 21. What is the units digit of x?
7
Let d(i) be the first derivative of 5*i**2/2 - i - 3. What is the units digit of d(1)?
4
Suppose -5*d = -3*o - 17, -5*d - 3*o + 0 = -23. Suppose 2*k - 24 = d. Suppose k = 2*c - 0*c. What is the units digit of c?
7
Suppose -v + 3*v = 0. Suppose 2*y - 4*h - 14 = -v*y, -4 = -y - h. Suppose 2*s + 4*f - 6 = 0, s + f = y*s - 21. What is the units digit of s?
5
Let x(f) = -f**2 + 6*f + 10. Let n be x(7). Suppose -4*r + 39 = -n*l + 8*l, -l + 3 = 0. Let s = 1 + r. What is the units digit of s?
7
Suppose -5*b + 112 = -3*b. Suppose -3*l + b = -52. Let g = l + -26. What is the tens digit of g?
1
Let h be (36 - 2)/((-7)/(-7)). Suppose 2*z + 3*u = h, 2*z + z = -u + 65. What is the units digit of z?
3
Suppose -5*h + 504 = h. What is the tens digit of h?
8
Let r(u) = u**2 - 5. Let k be r(6). Suppose -y = -3*s + 3, -4*y + y + s + k = 0. What is the tens digit of y?
1
Suppose -3*t + 12 - 36 = 0. Let l(v) = -v**3 - 7*v**2 + 8*v + 10. What is the units digit of l(t)?
0
Suppose -4*j = -6*j - 4. What is the units digit of 1*(j + 0)*-1?
2
Let q(x) = -x**3 + 6*x**2 - 3*x - 6. Let v be q(5). Suppose 2*w - 6 = v. Suppose -w*g + 29 = -1. What is the units digit of g?
6
What is the units digit of 116/2 - 9/(-3)?
1
Let z be 10 - 0 - (2 + -2). Suppose -3*r - 49 = -3*k - z, 4*r = -k + 3. What is the tens digit of k?
1
Suppose -2 = 3*w - 11. Suppose 0 = -5*j - 5*t + 35, 3*j + 15 = -2*j + 5*t. Suppose -9 = -a + 5*b, -w - 7 = -3*a - j*b. What is the units digit of a?
4
Let q = 5 - 3. Let t be (q/(-3))/(2/(-15)). Suppose -28 = -t*c + 7. What is the units digit of c?
7
Suppose -5*z = -2*z - 9. What is the units digit of (-2)/(z/(1 - 4))?
2
Let j = 44 + 65. What is the units digit of j?
9
Suppose 0*u - 56 = -4*u. Suppose 2*h + h + 3 = 0, -n + u = 3*h. What is the units digit of n?
7
Let j(k) = 4*k**2 + 20 + 4 - 3 - 5*k**2. What is the units digit of j(0)?
1
Let z(p) = 46*p**3 - p + 1. Let g be z(1). Let a = -24 + g. What is the units digit of a/5 - 4/10?
4
Suppose 245 = 4*j - 0*r + r, -j - 4*r = -50. What is the units digit of j?
2
Suppose 3*v = 6*v - 9. Suppose d - 8 = -v*d, 4*a = 2*d + 8. What is the units digit of a?
3
What is the units digit of (1 + 21)*(-13)/(-2)?
3
Let y(v) = 5*v**2 + 3*v + 29. What is the hundreds digit of y(-7)?
2
Let m = -3 + 3. Suppose 4*u - 60 = -4*n, -3*u = -n - m*n - 65. Let a = 30 - u. What is the tens digit of a?
1
Let w(c) = 5*c**2 + 14*c - 12. Let d(u) = -14*u**2 - 41*u + 35. Let v(l) = -6*d(l) - 17*w(l). What is the units digit of v(5)?
9
Let r = -45 - -72. What is the units digit of r?
7
Let s = -24 - -51. What is the tens digit of s?
2
Suppose -5*y + 77 = 4*t, 0*t - 4*t + 2*y = -42. Let b = t + -7. What is the units digit of b?
6
Let z be -15*(-5)/(25/2). Suppose -4*b - z = -2*c - 3*b, 3*c - 9 = 4*b. What is the units digit of c?
3
Let o = -4 - -4. Suppose -h + 7 = -o. What is the units digit of h?
7
Let n = -300 - -671. What is the hundreds digit of n?
3
Let m(q) = q**3 + 12*q**2 + 8*q + 1. What is the units digit of m(-6)?
9
Suppose 0*r + 56 = 2*r + n, -3*r + 4*n = -73. Let j = r + -19. What is the units digit of j?
8
Let t = -62 + 106. What is the tens digit of t?
4
Let d(u) = u**2 + 4*u - 7. Let s be d(-5). Let f = s + -8. Let v = f - -27. What is the tens digit of v?
1
Let a = -45 + 62. What is the units digit of a?
7
Suppose -1 - 3 = 4*z. Let s(x) = -15*x. What is the units digit of s(z)?
5
Let d = 24 - 14. Let p = d + -4. What is the units digit of -2 + 4*9/p?
4
Suppose 0*r - 10 = -3*r - s, 5*s - 2 = -3*r. Suppose 3*u - r = -1. What is the units digit of (u - 1) + (-18)/(-3)?
6
Suppose 162 = 4*t + 2*l, -t + 2*t - 51 = 3*l. What is the units digit of (-12)/t - 184/(-7)?
6
Suppose -3*h = -8*h + 210. What is the tens digit of h?
4
Let k(r) = -2*r**3 + 2*r**2 + 1. Let d be k(-4). Let s = d - 262. What is the tens digit of (-4)/18 - s/9?
1
Suppose -o = 4*o - a + 30, 4*o = 3*a - 13. What is the tens digit of (70/o)/(1/(-2))?
2
Let d(j) = 2*j - 9. Suppose 0 = -2*r + a - 20, -24 = 4*r + a + a. Let x = r - -15. What is the units digit of d(x)?
5
Let s(z) = 4 + 0*z**3 - 6*z - z + 8 + z**3 - 9*z**2. What is the units digit of s(10)?
2
Suppose 13*z - 11*z - 110 = 0. What is the tens digit of z?
5
Let a(n) = n**2 - 2*n + 6. Let q be (1 + -2)/((-3)/12). What is the tens digit of a(q)?
1
Suppose 6 - 21 = -3*d. Suppose 80 = -0*t + d*t. What is the tens digit of t?
1
Suppose 0*o = -3*o + 261. Let r be 4/(-6) + o/9. Suppose -2*c + r = c. What is the units digit of c?
3
Suppose 0 = -2*l - 11 - 5. Let k = l + 4. Let h = k - -10. What is the units digit of h?
6
Let t = 5 - -46. What is the units digit of t?
1
Let y(l) = 4*l**2 + 9*l - 2. What is the units digit of y(-6)?
8
Suppose -2*h + 4*h - 6 = 0. Suppose 2*b + 2*x - 2 = 0, -h*b - b + x + 14 = 0. Suppose -3*s = -5*u + 13, -u = -s + b*s - 13. What is the units digit of s?
4
Let m = 6 - 2. Let a = m - -8. What is the tens digit of a?
1
Let u = 49 - 29. Suppose p = 5*p - u. Suppose 2*i - p*i + 15 = 0. What is the units digit of i?
5
Let o(b) = -b**3 - 3*b - 2. What is the units digit of o(-2)?
2
Suppose 2*z - 539 = -3*k, 3*k - 9 = -0*k. What is the units digit of z?
5
Suppose 4*h + 12 = -0*h. Let c be 6 - 0*(-4 - h). Suppose -c*t + 10 = -t. What is the units digit of t?
2
Suppose 6*j - 3*j = 192. What is the tens digit of j?
6
Suppose -6*o + o - 16 = -d, 2*d - 32 = -4*o. What is the tens digit of d?
1
What is the units digit of (4/(-2))/(20/(-270))?
7
Let x(m) = m + 7. Suppose 3 = -z - 2. Let h be x(z). What is the units digit of 12/(-9)*-3*h?
8
Let s = 21 + 21. What is the tens digit of s?
4
Let b(x) = -x**2 - 4*x + 1. Let y be b(-6). Suppose -2*z - 3*z + 80 = 0. Let g = z + y. What is the units digit of g?
5
Let f(g) = -g + 21. Let u be f(8). Let y(o) be the third derivative of o**4/24 + o**3/2 + 2*o**2. What is the units digit of y(u)?
6
Let o = -2 + 4. Let f(g) = 2 + 0 - 1 + g**o + g - 2*g. What is the tens digit of f(4)?
1
Let x = 180 - 118. Suppose 5*i - 3*c - x = 0, -i = -2*i + 2*c + 18. What is the tens digit of i?
1
Let o(l) be the second derivative of -5/6*l**3 + 0 + 7/12*l**4 + 0*l**2 - 1/20*l**5 + l. What is the units digit of o(6)?
6
Suppose 3*w + 36 = 132. What is the units digit of w?
2
Let k = 6 + -3. Let m be 3/(k*(-3)/(-39)). Suppose -d - 18 = -5*c, -4*d - 5*c + 15 = -m. What is the units digit of d?
2
Suppose 3*p - 9*p = -360. What is the tens digit of p?
6
Let b(d) be the first derivative of 3/2*d**2 + 1/3*d**3 - 1 - 4*d. What is the units digit of b(-5)?
6
Let n